{"id":111,"date":"2021-11-29T17:53:57","date_gmt":"2021-11-29T16:53:57","guid":{"rendered":"https:\/\/www.ergo-hypno.ch\/?page_id=111"},"modified":"2023-09-13T19:44:04","modified_gmt":"2023-09-13T17:44:04","slug":"le-personnel","status":"publish","type":"page","link":"https:\/\/www.ergo-hypno.ch\/?page_id=111","title":{"rendered":"Le personnel"},"content":{"rendered":"\n<figure class=\"wp-block-gallery has-nested-images columns-default is-cropped wp-block-gallery-2 is-layout-flex wp-block-gallery-is-layout-flex\">\n<figure class=\"wp-block-image size-large\"><img loading=\"lazy\" decoding=\"async\" width=\"1024\" height=\"880\" data-id=\"329\" src=\"https:\/\/www.ergo-hypno.ch\/wp-content\/uploads\/2023\/09\/7A9610B0-E1F6-4C9A-A42C-01FB8CE13DEC.jpeg\" alt=\"\" class=\"wp-image-329\" srcset=\"https:\/\/www.ergo-hypno.ch\/wp-content\/uploads\/2023\/09\/7A9610B0-E1F6-4C9A-A42C-01FB8CE13DEC.jpeg 1024w, https:\/\/www.ergo-hypno.ch\/wp-content\/uploads\/2023\/09\/7A9610B0-E1F6-4C9A-A42C-01FB8CE13DEC-300x258.jpeg 300w, https:\/\/www.ergo-hypno.ch\/wp-content\/uploads\/2023\/09\/7A9610B0-E1F6-4C9A-A42C-01FB8CE13DEC-768x660.jpeg 768w\" sizes=\"auto, (max-width: 1024px) 100vw, 1024px\" \/><\/figure>\n<\/figure>\n\n\n\n<p>Rachel Thomet <\/p>\n\n\n\n<p>Ergoth\u00e9rapeute depuis 1996 et praticienne en hypnose Ericksonienne depuis 2012, j\u2019ai travaill\u00e9 dans les soins \u00e0 domicile (CMS du Mont sur Lausanne, de Aubonne 3 ans), dans des centres de traitement et de r\u00e9adaptation pour des personnes adultes (CTR de la C\u00f4te 3 ans) et des personnes \u00e2g\u00e9es (CUTR Sylvana, 9 ans) ainsi qu\u2019en neuror\u00e9\u00e9ducation au CHUV (3 ans), avec les enfants et les jeunes (cabinet 5 ans).<\/p>\n\n\n\n<p>Praticienne formatrice pour les \u00e9tudiants en ergoth\u00e9rapie (CAS 2015) et ergoth\u00e9rapeute ind\u00e9pendante depuis 2016, j\u2019ai une bonne exp\u00e9rience dans les domaines de la neurologie, de la p\u00e9diatrie et de la g\u00e9riatrie.<\/p>\n\n\n\n<p>Ma formation en hypnose avec une certification (ma\u00eetre praticienne en hypnose 2013) me donne des outils suppl\u00e9mentaires dans ma pratique professionnelle d\u2019ergoth\u00e9rapeute pour la gestion des probl\u00e9matiques de douleur chronique, d\u2019anxi\u00e9t\u00e9 ou de troubles de l\u2019humeur.<\/p>\n\n\n\n<figure class=\"wp-block-gallery has-nested-images columns-default is-cropped wp-block-gallery-3 is-layout-flex wp-block-gallery-is-layout-flex\">\n<figure class=\"wp-block-image size-full\"><img loading=\"lazy\" decoding=\"async\" width=\"1350\" height=\"1800\" data-id=\"239\" src=\"https:\/\/www.ergo-hypno.ch\/wp-content\/uploads\/2021\/12\/E35B1223-EDC8-43A2-96BF-3B344BBF0C57-scaled-e1640614116282.jpeg\" alt=\"\" class=\"wp-image-239\"\/><figcaption class=\"wp-element-caption\">Salle d\u2019attente <\/figcaption><\/figure>\n\n\n\n<figure class=\"wp-block-image size-full\"><img loading=\"lazy\" decoding=\"async\" width=\"1920\" height=\"2560\" data-id=\"238\" src=\"https:\/\/www.ergo-hypno.ch\/wp-content\/uploads\/2021\/12\/8562DAE0-9B7C-44BC-AFF8-B020193C0D52-scaled.jpeg\" alt=\"\" class=\"wp-image-238\" srcset=\"https:\/\/www.ergo-hypno.ch\/wp-content\/uploads\/2021\/12\/8562DAE0-9B7C-44BC-AFF8-B020193C0D52-scaled.jpeg 1920w, https:\/\/www.ergo-hypno.ch\/wp-content\/uploads\/2021\/12\/8562DAE0-9B7C-44BC-AFF8-B020193C0D52-225x300.jpeg 225w, https:\/\/www.ergo-hypno.ch\/wp-content\/uploads\/2021\/12\/8562DAE0-9B7C-44BC-AFF8-B020193C0D52-810x1080.jpeg 810w, https:\/\/www.ergo-hypno.ch\/wp-content\/uploads\/2021\/12\/8562DAE0-9B7C-44BC-AFF8-B020193C0D52-768x1024.jpeg 768w, https:\/\/www.ergo-hypno.ch\/wp-content\/uploads\/2021\/12\/8562DAE0-9B7C-44BC-AFF8-B020193C0D52-1152x1536.jpeg 1152w, https:\/\/www.ergo-hypno.ch\/wp-content\/uploads\/2021\/12\/8562DAE0-9B7C-44BC-AFF8-B020193C0D52-1536x2048.jpeg 1536w, https:\/\/www.ergo-hypno.ch\/wp-content\/uploads\/2021\/12\/8562DAE0-9B7C-44BC-AFF8-B020193C0D52-1568x2091.jpeg 1568w\" sizes=\"auto, (max-width: 1920px) 100vw, 1920px\" \/><\/figure>\n<\/figure>\n\n\n\n<figure class=\"wp-block-gallery has-nested-images columns-default is-cropped wp-block-gallery-4 is-layout-flex wp-block-gallery-is-layout-flex\">\n<figure class=\"wp-block-image size-large\"><img loading=\"lazy\" decoding=\"async\" width=\"1409\" height=\"1080\" data-id=\"321\" src=\"https:\/\/www.ergo-hypno.ch\/wp-content\/uploads\/2023\/09\/48C33583-6702-4D12-A79D-BEA911EA59D3-1409x1080.jpeg\" alt=\"\" class=\"wp-image-321\" srcset=\"https:\/\/www.ergo-hypno.ch\/wp-content\/uploads\/2023\/09\/48C33583-6702-4D12-A79D-BEA911EA59D3-1409x1080.jpeg 1409w, https:\/\/www.ergo-hypno.ch\/wp-content\/uploads\/2023\/09\/48C33583-6702-4D12-A79D-BEA911EA59D3-300x230.jpeg 300w, https:\/\/www.ergo-hypno.ch\/wp-content\/uploads\/2023\/09\/48C33583-6702-4D12-A79D-BEA911EA59D3-768x588.jpeg 768w, https:\/\/www.ergo-hypno.ch\/wp-content\/uploads\/2023\/09\/48C33583-6702-4D12-A79D-BEA911EA59D3-1536x1177.jpeg 1536w, https:\/\/www.ergo-hypno.ch\/wp-content\/uploads\/2023\/09\/48C33583-6702-4D12-A79D-BEA911EA59D3-1568x1201.jpeg 1568w, https:\/\/www.ergo-hypno.ch\/wp-content\/uploads\/2023\/09\/48C33583-6702-4D12-A79D-BEA911EA59D3.jpeg 1600w\" sizes=\"auto, (max-width: 1409px) 100vw, 1409px\" \/><\/figure>\n<\/figure>\n\n\n\n<figure class=\"wp-block-gallery has-nested-images columns-default is-cropped wp-block-gallery-5 is-layout-flex wp-block-gallery-is-layout-flex\">\n<figure class=\"wp-block-image size-large\"><img loading=\"lazy\" decoding=\"async\" width=\"1024\" height=\"768\" data-id=\"326\" src=\"https:\/\/www.ergo-hypno.ch\/wp-content\/uploads\/2023\/09\/0E8633C7-5AC2-470A-943F-A17B96C08055.jpeg\" alt=\"\" class=\"wp-image-326\" srcset=\"https:\/\/www.ergo-hypno.ch\/wp-content\/uploads\/2023\/09\/0E8633C7-5AC2-470A-943F-A17B96C08055.jpeg 1024w, https:\/\/www.ergo-hypno.ch\/wp-content\/uploads\/2023\/09\/0E8633C7-5AC2-470A-943F-A17B96C08055-300x225.jpeg 300w, https:\/\/www.ergo-hypno.ch\/wp-content\/uploads\/2023\/09\/0E8633C7-5AC2-470A-943F-A17B96C08055-768x576.jpeg 768w\" sizes=\"auto, (max-width: 1024px) 100vw, 1024px\" \/><\/figure>\n<\/figure>\n","protected":false},"excerpt":{"rendered":"<p>Rachel Thomet Ergoth\u00e9rapeute depuis 1996 et praticienne en hypnose Ericksonienne depuis 2012, j\u2019ai travaill\u00e9 dans les soins \u00e0 domicile (CMS du Mont sur Lausanne, de Aubonne 3 ans), dans des centres de traitement et de r\u00e9adaptation pour des personnes adultes (CTR de la C\u00f4te 3 ans) et des personnes \u00e2g\u00e9es (CUTR Sylvana, 9 ans) ainsi&hellip; <a class=\"more-link\" href=\"https:\/\/www.ergo-hypno.ch\/?page_id=111\">Poursuivre la lecture <span class=\"screen-reader-text\">Le personnel<\/span><\/a><\/p>\n","protected":false},"author":1,"featured_media":0,"parent":0,"menu_order":0,"comment_status":"closed","ping_status":"closed","template":"","meta":{"footnotes":""},"class_list":["post-111","page","type-page","status-publish","hentry","entry"],"_links":{"self":[{"href":"https:\/\/www.ergo-hypno.ch\/index.php?rest_route=\/wp\/v2\/pages\/111","targetHints":{"allow":["GET"]}}],"collection":[{"href":"https:\/\/www.ergo-hypno.ch\/index.php?rest_route=\/wp\/v2\/pages"}],"about":[{"href":"https:\/\/www.ergo-hypno.ch\/index.php?rest_route=\/wp\/v2\/types\/page"}],"author":[{"embeddable":true,"href":"https:\/\/www.ergo-hypno.ch\/index.php?rest_route=\/wp\/v2\/users\/1"}],"replies":[{"embeddable":true,"href":"https:\/\/www.ergo-hypno.ch\/index.php?rest_route=%2Fwp%2Fv2%2Fcomments&post=111"}],"version-history":[{"count":14,"href":"https:\/\/www.ergo-hypno.ch\/index.php?rest_route=\/wp\/v2\/pages\/111\/revisions"}],"predecessor-version":[{"id":330,"href":"https:\/\/www.ergo-hypno.ch\/index.php?rest_route=\/wp\/v2\/pages\/111\/revisions\/330"}],"wp:attachment":[{"href":"https:\/\/www.ergo-hypno.ch\/index.php?rest_route=%2Fwp%2Fv2%2Fmedia&parent=111"}],"curies":[{"name":"wp","href":"https:\/\/api.w.org\/{rel}","templated":true}]}}